6229. Determine g(142).
117
Let u(l) = 17*l**2 - 1513*l - 176. Calculate u(89).
-176
Let o(w) = 1519*w**3 - 7592*w**2 - 10*w + 9. Determine o(5).
34
Let z(f) = 2*f**3 + 265*f**2 + 214*f + 11245. Give z(-132).
421
Let g(k) = 193*k**3 - 7*k**2 + 37*k - 58. Give g(2).
1532
Let t(u) = 401*u + 1729. Give t(1).
2130
Let u(f) = -1649257*f - 8246277. Determine u(-5).
8
Let o(r) = -1533*r - 16798. Give o(-11).
65
Let g(b) = b**3 - 306*b**2 + 892*b + 5123. Calculate g(303).
-28
Let u(y) = -y**2 - 104*y + 2983. Calculate u(-125).
358
Let z(h) = -18252*h - 73025. What is z(-4)?
-17
Let g(u) = u**2 - 14854*u - 2326397. What is g(-155)?
-2
Let r(p) = -144*p - 24822. Give r(-163).
-1350
Let n(a) = 308354*a - 1541747. Calculate n(5).
23
Let f(v) = -20*v**3 - 460*v**2 + 259*v + 5962. Give f(-23).
5
Let u(g) = -8*g**2 + 1395*g + 1400. Calculate u(-1).
-3
Let u(h) = -2*h**2 - 7788*h - 1137566. Determine u(-152).
2
Let s(x) = 461*x - 18844. Give s(41).
57
Let q(u) = -u**3 + 36*u**2 + 21*u - 3554. Determine q(35).
-1594
Let t(b) = 226*b - 15998. What is t(83)?
2760
Let u(l) = 8*l**2 + 121*l + 73. What is u(-24)?
1777
Let y(g) = -g**3 + 450*g**2 - 22766*g + 1717. Give y(58).
-23
Let j(r) = -3*r**2 - 204*r - 1233. Calculate j(-60).
207
Let j(m) = -m**2 - 4712*m + 4718. Give j(1).
5
Let m(r) = -100395*r + 903659. What is m(9)?
104
Let h(f) = 11*f**2 + 1880*f - 193. Calculate h(-171).
-22
Let c(w) = 8*w**3 - 2*w**2 - 21*w + 24. What is c(-6)?
-1650
Let t(f) = -43*f**2 - 741*f - 17. Give t(-2).
1293
Let j(n) = 688*n**2 + 258*n + 257. Give j(-2).
2493
Let z(q) = 28*q**2 - 723*q + 2161. Calculate z(3).
244
Let t(y) = -7*y**3 + 8045*y**2 + 5779*y - 33362. Calculate t(1150).
-12
Let r(x) = -7*x**3 - 7*x**2 - 27*x - 63. Determine r(-3).
144
Let j(o) = 3*o**3 + 1920*o**2 - 15549*o + 1891. What is j(-648)?
-53
Let c(t) = -11*t**2 - 394*t + 3970. What is c(10)?
-1070
Let a(f) = -11070*f - 200361. What is a(-18)?
-1101
Let j(z) = 7*z**3 + 336*z**2 + 2030*z - 87. Calculate j(-41).
-948
Let c(n) = -n**2 + 5653*n - 118234. What is c(21)?
38
Let t(w) = 4*w**2 - 153*w + 233. What is t(3)?
-190
Let v(q) = -664*q**2 + 2040*q - 122. What is v(3)?
22
Let y(i) = 2*i**3 - 152*i**2 - 178*i - 209. Determine y(77).
-2057
Let f(m) = -m**2 - 7744*m + 54260. Give f(7).
3
Let r(m) = -5272*m - 21161. Calculate r(-4).
-73
Let c(n) = -6938*n - 534245. Calculate c(-77).
-19
Let p(s) = 2031*s + 36603. What is p(-18)?
45
Let k(c) = -12*c**2 + 3374*c - 20231. What is k(6)?
-419
Let x(a) = -2*a**3 + 103*a**2 - 205*a - 1941. Give x(49).
19
Let n(c) = -11665*c - 163357. Determine n(-14).
-47
Let z(t) = 3*t**3 + 173*t**2 + 208*t + 5788. What is z(-57)?
430
Let b(v) = -453*v - 4479. What is b(-5)?
-2214
Let m(n) = -5*n**3 + 107*n**2 - 288*n - 4. Give m(18).
320
Let a(l) = -93*l - 3445. Give a(-23).
-1306
Let u(p) = -2*p**2 + 859*p + 11249. Calculate u(-13).
-256
Let q(t) = -444*t + 206246. Give q(465).
-214
Let z(c) = c**2 + 120*c + 262. Calculate z(35).
5687
Let q(l) = -706*l - 150398. Give q(-213).
-20
Let r(w) = -49*w**3 - 3*w**2 + 45*w + 22. What is r(4)?
-2982
Let h(k) = -k**3 - 6*k**2 + 68*k + 120. Give h(-10).
-160
Let j(w) = w**3 + 41*w**2 + 64*w - 299. Determine j(-39).
247
Let v(y) = y**3 + 38*y**2 - 75*y - 1088. Give v(-39).
316
Let s(c) = 50*c**3 - 1098*c**2 - 14*c - 650. Give s(22).
10
Let t(w) = -2*w**3 - 14*w**2 + 1552*w + 12293. Determine t(-8).
5
Let w(j) = -8*j**2 + 7226*j - 57797. What is w(8)?
-501
Let a(u) = -4*u**3 + 106*u**2 + 37*u + 435. What is a(27)?
-24
Let b(l) = l**2 - 814*l - 89379. What is b(-98)?
-3
Let j(b) = b**3 + 39*b**2 + 380*b + 70. What is j(-21)?
28
Let k(c) = 29*c**3 - 1471*c + 4425. Calculate k(3).
795
Let q(b) = -b**2 - 2326*b - 243765. Determine q(-110).
-5
Let u(h) = -38*h**2 - 830*h + 1008. What is u(-23)?
-4
Let r(o) = -3465*o - 2. Give r(0).
-2
Let x(q) = -q**3 + 17*q**2 + 1823*q + 349. Determine x(-35).
244
Let g(o) = -697*o**3 - 11*o**2 + 71*o + 149. Give g(-2).
5539
Let l(b) = -b**3 - 107*b**2 - 164*b - 4759. Calculate l(-106).
1389
Let n(h) = 105*h**2 - 2704*h - 297. Give n(26).
379
Let b(x) = -2*x**2 - 601*x - 45056. Determine b(-146).
58
Let d(s) = 3925*s - 369014. Determine d(94).
-64
Let r(t) = t**3 - 121*t**2 + 387*t - 32026. Calculate r(120).
14
Let k(c) = -1696*c - 59075. Give k(-35).
285
Let m(r) = -6854*r - 781359. Give m(-114).
-3
Let h(o) = -5*o**3 - 50*o**2 - 8*o + 41. Give h(-10).
121
Let u(v) = v**3 + 105*v**2 - 664*v - 172. Calculate u(-111).
-394
Let t(d) = 621*d + 43331. Determine t(-70).
-139
Let d(a) = 132*a**2 + 774*a - 13. Calculate d(-2).
-1033
Let v(n) = -63914*n + 2556543. Calculate v(40).
-17
Let u(m) = 543*m**2 - 4904*m + 112. What is u(9)?
-41
Let i(f) = 19*f**3 - f**2 - 1108*f + 2228. Calculate i(2).
160
Let s(v) = 25*v**3 + 1751*v**2 + 53*v - 1128. Determine s(-70).
62
Let v(y) = 2*y**3 + 31*y**2 + 959*y + 5862. Give v(-7).
-18
Let o(j) = -14*j**3 + 74*j**2 - 42*j + 104. Calculate o(5).
-6
Let a(x) = 4*x**3 - 79*x**2 + 382*x - 454. Determine a(3).
89
Let b(k) = -15*k**2 - 472*k - 110. What is b(-33)?
-869
Let z(k) = -k**2 - 3425*k + 58451. What is z(17)?
-63
Let k(a) = a**3 + 6*a**2 + 1010*a + 7141. Give k(-7).
22
Let v(f) = 2*f**3 - 192*f**2 + 76*f - 7276. Calculate v(96).
20
Let l(b) = 349*b**2 + 13457*b + 40374. Give l(-3).
3144
Let y(j) = 15*j**2 - 40*j - 7461. Determine y(-21).
-6
Let d(a) = 2029*a + 12166. What is d(-6)?
-8
Let k(d) = -d**3 - 4*d**2 + 1416563*d + 5666250. Give k(-4).
-2
Let l(s) = -24*s**3 - 3*s**2 + 6*s - 26. Determine l(3).
-683
Let m(v) = -762090*v + 10. Give m(0).
10
Let a(c) = 132341*c - 132275. Give a(1).
66
Let h(y) = -5*y**3 + 30*y**2 + 13*y - 41. What is h(7)?
-195
Let j(w) = -w**3 + 1178*w**2 + 13090*w - 13084. What is j(1189)?
-5
Let o(q) = -20*q**2 - 977*q + 33. What is o(-49)?
-114
Let i(p) = 325747*p - 4560477. Determine i(14).
-19
Let h(p) = 48*p**3 - 38*p**2 + 24*p - 20. Calculate h(1).
14
Let y(c) = -18023475*c + 5. Determine y(0).
5
Let h(j) = 13*j**2 - 721*j - 490. Give h(54).
-1516
Let u(q) = -18*q**2 + 2549*q + 2555. Give u(-1).
-12
Let u(d) = 11*d**2 + 1075*d + 15116. Determine u(-17).
20
Let k(j) = -5*j**2 + 572*j + 421. Calculate k(121).
-3572
Let z(f) = -23*f**2 - 379*f - 1071. Determine z(-9).
477
Let d(k) = 2*k**3 + 3*k**2 + 1115*k - 4602. Calculate d(4).
34
Let w(o) = 3*o**3 + 225*o**2 + 4004*o + 46. What is w(-29)?
-12
Let h(l) = -9*l**2 + 457*l + 458. What is h(-1)?
-8
Let q(w) = -w**3 - 94*w**2 + 3586*w + 2314. Give q(-123).
-23
Let r(n) = -18*n**2 - 2058*n - 773. Give r(-114).
-89
Let l(r) = -314*r - 11551. Calculate l(-29).
-2445
Let s(k) = 4*k**3 - 19*k**2 - 141*k + 468. Determine s(3).
-18
Let j(v) = -v**3 - 150*v**2 - 2009*v - 14268. Determine j(-136).
12
Let i(s) = 73866*s - 664815. Determine i(9).
-21
Let s(p) = -681*p + 7418. Give s(11).
-73
Let k(l) = -4978*l - 69694. Give k(-14).
-2
Let p(h) = -220*h**2 - 1822*h + 2. Determine p(-2).
2766
Let j(y) = -14*y**2 + 2814*y + 2801. Determine j(202).
-27
Let o(m) = 291*m - 4900. Give o(10).
-1990
Let k(o) = -356*o**3 - 6*o**2 + 16*o - 11. Give k(1).
-357
Let l(o) = -2*o**2 + 1783*o + 312459. Give l(-150).
9
Let c(u) = -3*u**3 - 24*u**2 + 13*u + 79. Calculate c(-6).
-215
Let p(w) = -124*w**2 + 390*w + 3095. Determine p(-8).
-7961
Let r(z) = 6540*z - 5774821. What is r(883)?
-1
Let f(i) = -10936*i - 98427. Calculate f(-9).
-3
Let l(z) = z**3 - 40*z**2 - 882*z + 25987. Determine l(47).
-4
Let s(v) = v**2 + 53*v - 13728. Calculate s(-146).
-150
Let y(z) = 7*z**2 - 671*z - 2060. What is y(-3)?
16
Let y(r) = -40*r**2 + 119*r - 4. Determine y(3).
-7
Let g(c) = 92*c + 372. Calculate g(-9).
-456
Let a(c) = -800*c - 43183. Determine a(-54).
17
Let x(h) = 30*h - 6712. Calculate x(211).
-382
Let v(m) = -2*m**3 - 4*m**2 + 75*m + 306. Calculate v(-5).
81
Let r(m) = 6991*m - 2736. Give r(0).
-2736
Let x(c) = c**3 + 308*c**2 + 13233*c - 21. Give x(-52).
4087
Let k(b) = 47005*b - 4841469. What is k(103)?
46
Let z(r) = r**3 + 74*r**2 + 330*r - 1015. Determine z(-69).
20
Let f(r) = -17363*r + 138885. Calculate f(8).
-19
Let o(u) = -3*u**3 + 8*u**2 + 51*u - 46. Give o(-8).
1594
Let n(z) = -15246*z - 487892. Calculate n(-32).
-20
Let s(i) = -2*i**2 + 133*i - 2168. Calculate s(54).
-818
Let d(h) = 7*h**2 + 199*h - 544. Give d(-31).
14
Let 